?
13
Let y(k) = 5*k**3 + 66*k**2 - 551*k - 5. Give y(-19).
-5
Let z(b) = -15*b**3 - 4*b**2 - 27*b + 58. Determine z(2).
-132
Let n(k) = -209*k**2 + 775*k + 1342. Give n(5).
-8
Let b(m) = m**3 - 48*m**2 - 2295*m + 110165. Calculate b(48).
5
Let l(u) = -u**3 - 2857*u**2 + 40195*u - 27. Determine l(14).
-13
Let l(w) = -w**2 + 2322*w - 133516. What is l(59)?
1
Let a(s) = -5*s**3 + 248*s**2 + 58*s + 1865. What is a(50)?
-235
Let a(f) = -96824*f + 2904722. What is a(30)?
2
Let f(w) = -2317*w + 9314. Calculate f(4).
46
Let a(h) = h**3 + 6*h**2 - 304*h - 2311. Give a(-8).
-7
Let j(q) = 15*q**2 + 671*q + 2839. Determine j(-40).
-1
Let p(k) = -3*k**3 - 10*k**2 + 663*k + 673. Calculate p(-1).
3
Let p(c) = 755*c**2 - 307290*c + 2023. What is p(407)?
-12
Let n(x) = -x**2 - 26135*x - 574484. What is n(-22)?
2
Let s(g) = 5005*g - 58253. What is s(11)?
-3198
Let d(f) = f**2 - 270*f - 13848. Give d(-44).
-32
Let y(r) = -r**3 - 4*r**2 - 258*r - 1583. Determine y(-6).
37
Let r(f) = -14*f**3 - 482*f**2 - 124*f + 18. Calculate r(-34).
-2702
Let g(k) = -3*k**3 - 388*k**2 - 530*k - 620. Calculate g(-128).
1684
Let y(u) = -18*u**2 + 246*u + 52. Give y(14).
-32
Let u(x) = -7*x**2 - 1133*x + 12579. Calculate u(11).
-731
Let p(l) = 2285*l - 98362. What is p(43)?
-107
Let d(v) = -4*v**3 - 3883*v**2 + 12664*v + 1914. Calculate d(-974).
-34
Let y(j) = 3*j**3 - 66*j**2 - 37*j + 137. Give y(22).
-677
Let z(f) = 63*f**3 + 89*f**2 + 24*f + 6. Give z(-2).
-190
Let r(l) = 3191*l + 8824. What is r(-3)?
-749
Let n(f) = -132*f + 4254. Calculate n(31).
162
Let c(k) = k**2 + 2342*k - 25947. Calculate c(11).
-64
Let s(m) = -m**3 - 176*m**2 - 3479*m + 6113. Determine s(-153).
-7
Let d(z) = -z**2 + 11098*z + 815469. Determine d(-73).
-14
Let a(l) = 59*l**3 + 334*l**2 - 118*l + 4. What is a(-6)?
-8
Let x(a) = -a**3 - 21*a**2 + 36*a - 270. Give x(-23).
-40
Let g(a) = 3*a**3 - 10923*a**2 + 559884*a - 7. Give g(52).
-7
Let k(c) = -c**2 - 755*c - 123032. What is k(-238)?
14
Let m(b) = -2900*b + 14375. Calculate m(5).
-125
Let v(z) = -z**3 + 119*z**2 - 496*z - 20574. Determine v(113).
-8
Let n(b) = 102*b**2 - 1262*b + 460. Determine n(12).
4
Let y(o) = -o**3 - 216*o**2 + 4717*o + 59. Calculate y(20).
-1
Let g(a) = -a**3 + 71*a**2 + 213*a - 20048. Give g(70).
-238
Let x(k) = -k**2 - 916*k + 19756. Determine x(21).
79
Let k(n) = -n**3 + 514*n**2 - 4049*n + 4. What is k(8)?
-4
Let u(h) = 19904*h + 179107. Calculate u(-9).
-29
Let n(c) = 1066*c - 13005. Determine n(6).
-6609
Let w(x) = 21896*x - 131616. What is w(6)?
-240
Let w(n) = 1143*n + 65155. Calculate w(-57).
4
Let m(l) = 6011*l**2 + 210382*l - 127. Calculate m(-35).
-22
Let z(w) = -2*w**2 + 167*w + 2638. Give z(51).
5953
Let d(w) = 2249*w**2 - 431811*w + 510. Determine d(192).
-66
Let s(n) = -10306*n - 72114. Calculate s(-7).
28
Let z(l) = -l**3 + 265*l**2 + 1820*l - 617060. Give z(263).
-62
Let y(w) = 906*w - 458443. Calculate y(506).
-7
Let b(v) = 4*v**3 + 79*v**2 + 1234*v + 19955. Determine b(-18).
11
Let a(j) = 3014*j - 1175462. Calculate a(390).
-2
Let d(r) = 41*r**2 + 39*r + 321. Calculate d(-7).
2057
Let z(p) = -201952*p - 201968. Calculate z(-1).
-16
Let l(u) = -57*u**2 + 457*u + 358. Give l(9).
-146
Let t(y) = -y**3 + 19*y**2 - 288*y + 8832. Give t(23).
92
Let b(m) = 743*m**3 + 865*m**2 + 98*m + 97. What is b(-1)?
121
Let h(f) = f**3 - 8*f**2 + 8*f - 67. Give h(8).
-3
Let d(i) = -5*i**2 + 1250*i + 42023. Give d(-30).
23
Let z(d) = d**3 - 337*d**2 - 2066*d + 2760. Determine z(343).
16
Let k(w) = -76*w**2 + 11*w - 3. Determine k(-3).
-720
Let n(c) = -1039*c + 457182. Calculate n(440).
22
Let w(f) = -6*f**3 - 82*f**2 - 165*f - 4. Calculate w(-2).
46
Let n(j) = -3*j**3 - 59*j**2 - 2768*j - 51859. Calculate n(-19).
11
Let i(v) = 4688*v + 314305. Give i(-67).
209
Let r(l) = -354*l - 727. Give r(-2).
-19
Let o(y) = -152*y**2 + 3344*y + 16. What is o(22)?
16
Let i(n) = n**3 + 145*n**2 - 8102*n - 3714. Determine i(-188).
-330
Let v(n) = -1039*n + 87850. Give v(85).
-465
Let m(q) = q**2 - 18663*q - 1386619. What is m(-74)?
-81
Let v(b) = -15827*b + 300770. What is v(19)?
57
Let o(b) = 10*b**3 - 24*b**2 - 1270*b + 3767. Determine o(3).
11
Let m(n) = -19*n**2 + 31*n + 2107. Calculate m(8).
1139
Let b(a) = a**3 - 38*a**2 + 402*a - 841. Calculate b(21).
104
Let f(j) = -258*j + 17633. Calculate f(68).
89
Let g(j) = j**3 + 104*j**2 + 208*j + 394. Give g(-102).
-14
Let q(a) = 8055*a + 3914730. What is q(-486)?
0
Let n(p) = p**3 + 12*p**2 - 225*p - 54. Calculate n(-22).
56
Let s(t) = 92*t - 5693. What is s(53)?
-817
Let v(o) = -50004*o + 100006. Calculate v(2).
-2
Let d(i) = -i**2 - 661*i + 53569. Calculate d(73).
-13
Let y(p) = -36*p**2 + 328*p + 3145. Calculate y(-9).
-2723
Let z(f) = 2*f**2 - 22286*f + 133738. Determine z(6).
94
Let p(f) = -5057*f - 156890. Give p(-31).
-123
Let p(s) = -125*s + 6098. Calculate p(39).
1223
Let p(j) = -325*j + 20331. Determine p(65).
-794
Let n(g) = -8*g**3 + 1648*g**2 - 6*g + 1245. Give n(206).
9
Let m(f) = -2*f**2 + 162*f + 34664. What is m(-97)?
132
Let w(y) = 1041*y + 8657. Calculate w(-8).
329
Let g(h) = 260*h**2 + 73319*h - 288. What is g(-282)?
-6
Let q(x) = 5*x**2 + 35137*x + 35133. Determine q(-1).
1
Let t(a) = a**3 - 75*a**2 + 233*a - 43. What is t(3)?
8
Let v(m) = -m**3 - 76*m**2 + 290*m + 16410. What is v(-77)?
9
Let t(u) = u**2 - 1740*u + 313344. Calculate t(204).
0
Let o(n) = 1749*n - 29624. Give o(17).
109
Let w(a) = -5*a**2 - 38481*a + 192516. Give w(5).
-14
Let m(a) = -a**3 + 398*a**2 + 2018*a - 1218. Determine m(403).
-9
Let m(z) = 3*z**3 - 52*z**2 + 13*z + 66. Calculate m(9).
-1842
Let j(i) = 7489*i - 194859. Calculate j(26).
-145
Let y(h) = 5*h**2 - 13114*h + 91558. Determine y(7).
5
Let t(d) = -112*d**3 - 8*d**2 + 40*d - 50. Determine t(2).
-898
Let f(x) = -x**2 + 35*x + 4695. Calculate f(-55).
-255
Let o(q) = -q**2 - 594*q - 6911. Determine o(-12).
73
Let t(j) = j**2 + 243*j - 70344. What is t(-415)?
1036
Let j(a) = -3*a**2 - 317*a - 8184. What is j(-45)?
6
Let z(j) = -j**2 + 41*j + 6415. Calculate z(-61).
193
Let n(x) = -10304*x**2 - 8583233*x - 867. Determine n(-833).
-34
Let y(o) = -42*o**3 - 60*o**2 + 22*o + 57. Give y(-2).
109
Let z(l) = l**3 - 24*l**2 - 106*l + 838. Give z(28).
1006
Let a(q) = -26*q**3 + 1169*q**2 - 5871*q + 12. Determine a(5).
-3368
Let y(o) = -105*o + 4217. Give y(33).
752
Let v(j) = 5*j**2 + 21*j - 953. Calculate v(-16).
-9
Let s(a) = 3*a**3 - 4938*a**2 + 39207*a + 171991. Determine s(1638).
1
Let g(q) = 2495*q + 104579. What is g(-42)?
-211
Let u(t) = -31599*t - 157990. Give u(-5).
5
Let w(h) = 4643*h + 23569. Give w(-5).
354
Let n(i) = -i**3 - 16*i**2 - 236*i - 902. Determine n(-4).
-150
Let m(y) = 29*y + 971. Calculate m(23).
1638
Let j(t) = -295*t + 703. Determine j(2).
113
Let c(a) = -19*a**3 - 6*a**2 + 15*a + 8. Determine c(-1).
6
Let q(d) = 802*d + 37810. Determine q(-47).
116
Let u(g) = -1417530*g + 8505143. Determine u(6).
-37
Let s(i) = i**3 + 13*i**2 - 151*i - 8. Give s(7).
-85
Let w(s) = 2*s**2 - 3189*s + 157593. What is w(51)?
156
Let l(m) = -30*m**2 + 26*m - 206. Give l(9).
-2402
Let b(s) = 599*s + 8152. Determine b(-15).
-833
Let x(j) = -j**3 + 23*j**2 + 12*j + 492. Give x(25).
-458
Let a(t) = -66*t**2 + 9831*t + 394. What is a(149)?
-53
Let l(u) = u**3 - 103*u**2 - 772*u + 145. Determine l(110).
-75
Let m(v) = -7305*v - 1366049. Determine m(-187).
-14
Let h(k) = 22*k**2 + 1029*k - 10438. Give h(10).
2052
Let s(q) = 30776*q + 1046387. Calculate s(-34).
3
Let t(k) = k**3 - 195*k**2 + 4609*k + 30. Calculate t(28).
-1846
Let v(j) = -j**3 - 125*j**2 - 3307*j - 66. Determine v(-87).
21
Let g(y) = 12*y**2 - 2830*y + 10625. Determine g(232).
-47
Let k(l) = -2682*l**2 - 1668203*l + 627. Give k(-622).
5
Let h(n) = -5653*n + 140536. Give h(25).
-789
Let l(o) = -328*o + 56800. What is l(166)?
2352
Let u(o) = 861*o - 2749. What is u(4)?
695
Let v(t) = -269682*t - 809031. Give v(-3).
15
Let v(x) = -4*x**2 + 4996*x - 29836. Give v(6).
-4
Let d(w) = 13853*w - 69273. Calculate d(5).
-8
Let o(d) = -29354*d - 1673578. What is o(-57)?
-400
Let i(b) = 19437*b - 40593. Calculate i(2).
-1719
Let c(k) = k**3 + 7*k**2 + 1139*k + 6793. What is c(-6)?
-5
Let f(h) = -286*h**2 + 2279*h + 127. Give f(8).
55
Let x(j) = -1534*j + 1644450. Determine x(1072).
2
Let g(w) = 167*w*